it of 122503242?
2
What is the millions digit of 2436681779?
6
What is the hundreds digit of 448185588?
5
What is the millions digit of 26790252?
6
What is the hundred millions digit of 665243954?
6
What is the ten millions digit of 22543021?
2
What is the thousands digit of 960173600?
3
What is the hundred thousands digit of 1796641027?
6
What is the thousands digit of 113195051?
5
What is the ten millions digit of 11290276?
1
What is the tens digit of 18192477?
7
What is the hundreds digit of 459524066?
0
What is the hundred thousands digit of 88752334?
7
What is the ten millions digit of 6178620687?
7
What is the hundred millions digit of 465217030?
4
What is the hundred thousands digit of 90399722?
3
What is the tens digit of 709011556?
5
What is the ten thousands digit of 18226881?
2
What is the units digit of 3295781?
1
What is the units digit of 72012844?
4
What is the ten thousands digit of 4686366729?
6
What is the billions digit of 5637890225?
5
What is the millions digit of 925587111?
5
What is the hundreds digit of 199808163?
1
What is the millions digit of 64952775?
4
What is the hundred thousands digit of 777318608?
3
What is the hundred millions digit of 1269270546?
2
What is the hundreds digit of 156365137?
1
What is the millions digit of 113152046?
3
What is the ten thousands digit of 416020507?
2
What is the ten millions digit of 38581858?
3
What is the hundreds digit of 184298776?
7
What is the hundred thousands digit of 21791770?
7
What is the ten thousands digit of 1885946013?
4
What is the hundred thousands digit of 44855085?
8
What is the hundreds digit of 126944553?
5
What is the millions digit of 69088292?
9
What is the tens digit of 39095737?
3
What is the billions digit of 1365533411?
1
What is the hundred thousands digit of 1330929846?
9
What is the units digit of 137621348?
8
What is the thousands digit of 339332307?
2
What is the units digit of 41442330?
0
What is the hundred millions digit of 446001493?
4
What is the units digit of 137088504?
4
What is the hundred thousands digit of 3406306303?
3
What is the thousands digit of 770101970?
1
What is the tens digit of 2384961571?
7
What is the hundred thousands digit of 1980830376?
8
What is the tens digit of 296544447?
4
What is the hundred thousands digit of 91311946?
3
What is the millions digit of 10690815?
0
What is the millions digit of 5148751111?
8
What is the thousands digit of 83175123?
5
What is the thousands digit of 1833928753?
8
What is the millions digit of 415424766?
5
What is the units digit of 531479168?
8
What is the billions digit of 6846538335?
6
What is the millions digit of 366594151?
6
What is the hundreds digit of 189418391?
3
What is the units digit of 3157180752?
2
What is the hundred thousands digit of 5245927547?
9
What is the tens digit of 29406415?
1
What is the ten millions digit of 42931795?
4
What is the millions digit of 59047728?
9
What is the tens digit of 1901804849?
4
What is the hundred millions digit of 1195927594?
1
What is the units digit of 16021132?
2
What is the ten millions digit of 61452857?
6
What is the hundreds digit of 4823256?
2
What is the hundreds digit of 1136071701?
7
What is the units digit of 3462097355?
5
What is the hundred millions digit of 264045982?
2
What is the units digit of 262905889?
9
What is the hundred millions digit of 324442918?
3
What is the thousands digit of 58870747?
0
What is the hundred thousands digit of 1238129024?
1
What is the hundred thousands digit of 114385303?
3
What is the units digit of 14671109?
9
What is the ten thousands digit of 19659119?
5
What is the ten thousands digit of 267903414?
0
What is the millions digit of 1989455561?
9
What is the billions digit of 1887957008?
1
What is the hundred millions digit of 109537994?
1
What is the ten millions digit of 2776220200?
7
What is the hundreds digit of 237791330?
3
What is the units digit of 992185251?
1
What is the ten millions digit of 92866960?
9
What is the hundreds digit of 12244580?
5
What is the millions digit of 362626926?
2
What is the ten thousands digit of 238186960?
8
What is the billions digit of 1425213750?
1
What is the hundred thousands digit of 762101019?
1
What is the ten thousands digit of 45280475?
8
What is the units digit of 39466471?
1
What is the millions digit of 978697744?
8
What is the ten millions digit of 597687656?
9
What is the millions digit of 241176280?
1
What is the thousands digit of 40705881?
5
What is the thousands digit of 3435914086?
4
What is the hundred millions digit of 363657153?
3
What is the ten millions digit of 1623510583?
2
What is the ten millions digit of 234557361?
3
What is the thousands digit of 18868064?
8
What is the ten millions digit of 4361698069?
6
What is the hundred thousands digit of 954851001?
8
What is the millions digit of 63599408?
3
What is the units digit of 51862082?
2
What is the hundred thousands digit of 4042630725?
6
What is the ten millions digit of 60739545?
6
What is the tens digit of 1571855230?
3
What is the ten millions digit of 1449354705?
4
What is the tens digit of 300277602?
0
What is the millions digit of 620801598?
0
What is the millions digit of 260604978?
0
What is the ten thousands digit of 5449494216?
9
What is the hundreds digit of 184380362?
3
What is the tens digit of 8222883?
8
What is the hundreds digit of 7049070368?
3
What is the thousands digit of 28142139?
2
What is the thousands digit of 166793961?
3
What is the tens digit of 2487915556?
5
What is the tens digit of 7647484?
8
What is the tens digit of 24548085?
8
What is the ten thousands digit of 32575499?
7
What is the hundred thousands digit of 1129751870?
7
What is the units digit of 40708464?
4
What is the millions digit of 87676803?
7
What is the units digit of 135750688?
8
What is the ten millions digit of 49212066?
4
What is the thousands digit of 610559584?
9
What is the units digit of 308696606?
6
What is the thousands digit of 16949410?
9
What is the millions digit of 352482628?
2
What is the ten millions digit of 26664013?
2
What is the billions digit of 3415254989?
3
What is the millions digit of 25622693?
5
What is the ten millions digit of 385238880?
8
What is the thousands digit of 193894783?
4
What is the thousands digit of 839916268?
6
What is the thousands digit of 265198892?
8
What is the millions digit of 338948181?
8
What is the ten millions digit of 87122726?
8
What is the tens digit of 3431833636?
3
What is the ten thousands digit of 395517691?
1
What is the ten thousands digit of 123308752?
0
What is the tens digit of 4039520574?
7
What is the millions digit of 95830436?
5
What is the ten thousands digit of 88891?
8
What is the thousands digit of 175370708?
0
What is the units digit of 251001959?
9
What is the tens digit of 37572889?
8
What is the millions digit of 4278446310?
8
What is the ten millions digit of 27393856?
2
What is the millions digit of 180320290?
0
What is the ten millions digit of 397307617?
9
What is the hundred millions digit of 571472042?
5
What is the units digit of 3632854961?
1
What is the millions digit of 47187808?
7
What is the hundred millions digit of 976805202?
9
What is the units digit of 544651098?
8
What is the hundred millions digit of 357368301?
3
What is the tens digit of 28433772?
7
What is the millions digit of 31566272?
1
What is the millions digit of 43932455?
3
What is the units digit of 269?
9
What is the thousands digit of 8205946?
5
What is the hundred thousands digit of 2860880715?
8
What is the units digit of 166908106?
6
What is the units digit of 709855832?
2
What is the millions digit of 989023305?
9
What is the units digit of 2821793951?
1
What is the hundred millions digit of 2077808633?
0
What is the tens digit of 124538963?
6
What is the hundred thousands digit of 494749509?
7
What is the millions digit of 339585546?
9
What is the ten thousands digit of 40473846?
7
What is the thousands digit of 62742277?
2
What is the hundreds digit of 953117133?
1
What is the hundred millions digit of 294249240?
2
What is the hundred millions digit of 579576621?
5
What is the hundreds digit of 65160954?
9
What is the ten thousands digit of 173205851?
0
What is the units digit of 37398093?
3
What is the hundred